ulate the highest common factor of q and t.
19
Let z = 29 - 27. Suppose 106 + 180 = z*o + u, -2*o - 3*u + 286 = 0. Calculate the highest common factor of 13 and o.
13
Suppose 0 = -23*j + 2622 - 69. What is the highest common factor of j and 1221?
111
Suppose 2*b + 3*n + 799 = 0, 4*b - 3*b = n - 412. Let d = -222 - b. Calculate the highest common divisor of d and 37.
37
Let x be 2/(-8) - 198/(-24). Let t be x/6*315/30. Let b(r) = r**2 - 21. Let o be b(-7). Calculate the greatest common factor of o and t.
14
Suppose 0 = -p - 18*n + 14*n + 42, 0 = 5*p - 2*n - 298. What is the highest common factor of p and 58?
58
Let c be 138 - ((-48)/6 + 11). What is the highest common factor of 81 and c?
27
Let l be ((-252)/(5 + 1) - -1)*-6. Let a = 133 - 92. Calculate the highest common divisor of l and a.
41
Suppose 4*u - 3*u - 3 = 0. Suppose 0 = u*z - 30 - 24. What is the greatest common factor of z and 2?
2
Let a = 889 + -469. Suppose -4*q - q + a = 0. What is the highest common divisor of q and 12?
12
Let k(z) = 6*z**3 - 2*z**2 + 31*z - 235. Let s be k(6). Calculate the highest common divisor of s and 50.
25
Suppose 8*o = 5*d + 10*o - 5172, 0 = -5*o - 20. Suppose -9*b = -13*b + d. What is the highest common divisor of b and 37?
37
Let z be (6 - 26)/(1/(-2)). Let n(i) = i + 6. Let m be n(-3). Suppose 2*j - 34 = 2*p, m*p + 4 - 33 = -2*j. Calculate the highest common factor of z and j.
8
Let q be 2/5 - (-16)/10. Let v = -11 - 4. Let o = -7 - v. Calculate the highest common factor of q and o.
2
Suppose 0 = -6*o + 491 - 365. Let q = -278 + 488. What is the greatest common factor of q and o?
21
Suppose 2*h + h + 4*k = 125, 4*h - 150 = -2*k. Suppose 135 = m - 6*m. Let w = h + m. Calculate the greatest common factor of 32 and w.
8
Suppose 39 + 717 = 6*j. Calculate the highest common divisor of 28 and j.
14
Suppose -21*b = -4*b - 136. Let x = -43 + 45. Calculate the greatest common factor of x and b.
2
Let x be ((-117)/6)/((-1)/2). Let j = 955 + -929. What is the highest common factor of x and j?
13
Let a be 7/14*(597 + -1). Let o = a - -6. What is the highest common factor of 38 and o?
38
Let k = -386 - -398. Calculate the highest common factor of k and 42.
6
Let j = -940 - -941. Let q(u) = u**2 - u - 1. Let i be q(2). Calculate the greatest common factor of j and i.
1
Suppose -5*f = -4*f - 4*c - 10, 4*f = -3*c - 17. Let m be 6 - (-3)/(-6)*f. Let p be (m - 10)*(-26)/6. What is the greatest common factor of p and 26?
13
Suppose 4*g - 253 - 19 = 0. Let i be g/4 - (-2 - -1). Calculate the highest common divisor of i and 126.
18
Let s(j) = -2*j + 5. Let q be s(-6). Suppose t + 2*c + 4 = 0, 0*t + t - 5*c - q = 0. Suppose -42 - t = -4*g. Calculate the highest common factor of 88 and g.
11
Suppose k + 0*k = 87. Let h be 0 - 2 - 3/((-15)/10). Suppose v + 5*v - 348 = h. Calculate the greatest common divisor of k and v.
29
Let i be 3/33 - 549/(-11). What is the highest common divisor of 550 and i?
50
Let p = 72 + -39. Let x = -22 + 44. Calculate the highest common divisor of p and x.
11
Let q(t) = t**2 - 13*t + 39. Let a be q(10). Calculate the greatest common factor of 72 and a.
9
Suppose -3*d + 40 = -d. Suppose 5*m - 50 = d. Calculate the greatest common divisor of m and 35.
7
Suppose 0 = 5*n - 12 - 73. Suppose -32 = -q - 5*u, -u = -3*q + n + 15. Let i be (6/(-4))/((-6)/q). What is the highest common divisor of i and 15?
3
Let i(s) = -2*s**2 + 19*s - 22. Let d = -33 + 40. Let t be i(d). What is the greatest common factor of 26 and t?
13
Let z(w) = -3*w + 52. Let b be z(-15). Let j = b + -81. Suppose -2*v + 11 = -53. What is the highest common factor of v and j?
16
Let j(r) = r**3 + r. Let b be j(2). Let z = 13 - b. Let p(h) = -h**3 + 7*h**2 - 6*h + 3. Let s be p(4). Calculate the greatest common divisor of z and s.
3
Let u = 240 + -200. What is the greatest common factor of u and 920?
40
Let p = -30 - -142. Calculate the greatest common divisor of p and 7.
7
Suppose -9*u = -918 - 3177. Calculate the greatest common divisor of 65 and u.
65
Let i = 15 + -11. Suppose g + 4*n + 17 = n, 25 = -5*n. Let f be (-1)/g + 6/i. Calculate the greatest common factor of 2 and f.
2
Let h be 0/2 + 10 + 2. Suppose a = -3*a + 132. Let v = -21 + a. Calculate the highest common divisor of v and h.
12
Suppose -3*h - 127 = 62. Let f = 35 + h. Let y = 109 + f. What is the highest common factor of y and 27?
27
Let x be 30/34 - (-36)/306. Let d be x/(6 + -3 - 2). Suppose 23 - d = 2*j - 4*t, -3*j = 3*t - 42. Calculate the greatest common divisor of j and 143.
13
Let f = -299 + 339. Calculate the highest common factor of f and 190.
10
Suppose -7*j + 2*j = -155. Suppose 0 = -32*b + j*b + 60. Calculate the highest common divisor of 12 and b.
12
Let m be (4 - (4 - 1))/(14/658). Let k = -22 - -45. Let h = m - k. Calculate the greatest common divisor of h and 240.
24
Let l(q) = -q**3 + 4*q**2 + 7*q - 8. Let k be l(-5). Calculate the highest common divisor of 39 and k.
13
Suppose -8*u + 68 = -156. Let a be (-20)/(-6) - 5/15. Suppose w = -4*d + 76, 0 = 4*w - d - a*d - 344. Calculate the highest common divisor of u and w.
28
Let g(s) = -s**2 - 46*s + 56. Let d be g(-47). Let w = 4 + -4. Suppose w = 3*k - 3*c - 24, -3*k + 2*c + 0 = -25. Calculate the highest common factor of d and k.
9
Let p = -99 - -54. Let i be (-595)/p + 4/(-18). Suppose -38*u + 42*u - 369 = -5*l, 0 = 5*u - 3*l - 452. What is the greatest common factor of u and i?
13
Suppose 46 + 34 = 2*y. Let u = 652 - 1136. Let x be 2/(-12) - u/24. What is the greatest common divisor of y and x?
20
Let m = -24 + 45. Suppose 53 = 8*f + m. Calculate the greatest common factor of f and 16.
4
Let m = -49 - -79. Let j be (7*(-10)/25)/((-2)/m). Calculate the highest common divisor of 12 and j.
6
Let o = 1254 + 1032. Calculate the greatest common factor of 18 and o.
18
Let j be (11 + 0)/(-5 - -6). Calculate the highest common divisor of j and 176.
11
Let t(r) = -r**2 + 23*r + 13. Let w be t(23). Let v = 155 + 1. Suppose -v = -f - 3*f. Calculate the greatest common divisor of f and w.
13
Suppose 0 = -4*c - 200 - 92. Let t = -62 - c. Calculate the greatest common factor of 88 and t.
11
Suppose -3*w + 126 = 4*i, -4*w = 2*i + w - 70. Suppose 4*c + 60 = 3*k, 50 = 4*k - 4*c - i. What is the greatest common factor of k and 40?
20
Suppose -2*t + t = 3*t. Let o be (-30)/(-2) + (-5)/(-10)*t. What is the highest common factor of o and 60?
15
Suppose -2*m - 10 = 0, -2*h + 7*m - 8*m + 153 = 0. What is the highest common divisor of h and 869?
79
Let q(b) = 5*b - 145. Let j be q(34). What is the greatest common factor of j and 10?
5
Suppose -3 - 6 = -3*y, 2*g - 2*y - 630 = 0. Let s be g/10 - (-11)/55. What is the highest common factor of 64 and s?
32
Let r(b) = b**2 + 11*b - 136. Let y be r(8). What is the highest common factor of y and 416?
16
Let t(o) = -o**2 + 6*o - 5. Let n be t(2). Calculate the highest common divisor of 123 and n.
3
Suppose -10*n + 1573 = 3*n. Calculate the greatest common factor of 22 and n.
11
Suppose -b + 71 = -16. Let m = b + -84. What is the highest common factor of m and 27?
3
Let q = 17 - 15. Suppose -7 = -3*y + q, 4*d - 103 = -5*y. Calculate the greatest common divisor of d and 2.
2
Suppose g = -5*w + 1017, -4*g + 231 - 39 = w. What is the greatest common divisor of w and 85?
17
Let j be 1 + 4 + -2 + -12. Let o = j - -13. Suppose -5*s - p = o*p - 55, p + 43 = 5*s. Calculate the highest common factor of s and 9.
9
Let r(x) = 3*x. Let s(o) = -o**3 + 6*o**2 + 2*o - 8. Let f be s(6). Let l be 9/(-15)*(-6 - f). Let b be r(l). Calculate the greatest common factor of b and 72.
18
Suppose 0 = 2*c - 30 - 194. Calculate the greatest common divisor of c and 16.
16
Let f = 98 - 26. What is the highest common factor of f and 9?
9
Suppose 9*r - 133 = 362. Let g(a) = -a**3 - 8*a**2 - 7*a + 5. Let b be g(-7). What is the highest common divisor of r and b?
5
Let m = -48 - -57. Let y(o) = o**3 - 8*o**2 - 17. Let p be y(m). What is the highest common divisor of p and 48?
16
Let l(z) = z**2 - 17*z + 4. Let m be l(17). Let v(k) = k**3 - 3*k**2 - 2*k - 5. Let x be v(m). Calculate the highest common factor of 3 and x.
3
Suppose 3*n = 2*z + 2*z + 20, -z = 5*n + 5. Suppose 8 = b - n. Let w be -88*(0 - 28/b). Calculate the highest common divisor of 28 and w.
28
Let 